. Calculate the remainder when n(y) is divided by 18.
13
Let l(p) = -p**3 - 8*p**2 + 3. Let c be l(-8). Suppose 0 = -2*h - c*w + 4*w + 146, 4*w = 16. What is the remainder when h is divided by 11?
9
Let c(j) = 116 + 28 + 0*j**2 - 17 + 2*j**2 + 4*j. Calculate the remainder when c(0) is divided by 8.
7
Let y = 31 + -8. Let r = 2904 - 2652. Calculate the remainder when r is divided by y.
22
Suppose -4*n + 12 = -0. Suppose 4*d + 21 = n*l, 3*l - 2*d = -7*d + 48. What is the remainder when ((-64)/10)/(25/(-125)) is divided by l?
10
Suppose 57 = 17*w - 11622. Calculate the remainder when w is divided by 15.
12
Let x = 5 - 1. Suppose -11*u = -17*u. Suppose -q - x*q = 3*f - 323, -2*q - 3*f + 122 = u. What is the remainder when q is divided by 35?
32
Suppose 52*d - 20 = 48*d. Suppose -d*c + 5*m = -125, c - 4*m = -4*c + 127. Calculate the remainder when 512 is divided by c.
26
Let n(z) = 290*z - 835. What is the remainder when 5634 is divided by n(3)?
34
Let h = 0 + 22. Suppose 3*o - 29 = h. Suppose 3*q - 44 = 85. What is the remainder when q is divided by o?
9
Suppose 0*c - 4*c = a - 49, -c = -3*a - 22. Let p = 301 - 295. What is the remainder when 11/(p/126*7) is divided by c?
7
What is the remainder when 1930 - (6 - -7 - -1) is divided by 71?
70
Let r(s) = -s + 4. Let j be r(7). Let b(i) = 33*i**2 + 11*i + 16. What is the remainder when b(-2) is divided by 338/13*(3/(-2))/j?
9
Suppose 23*j - 3830 = -1070. What is the remainder when 236 is divided by j?
116
Let n = -11955 - -12168. What is the remainder when 629 is divided by n?
203
Suppose -44*d = -39*d - 495. Suppose 5*a - 140 + 40 = 0. Calculate the remainder when d is divided by a.
19
Let t(w) = w**3 - 16*w**2 - 466*w + 65. Calculate the remainder when 200 is divided by t(31).
30
Let q = -12572 + 12578. Calculate the remainder when 9694 is divided by q.
4
What is the remainder when 537 is divided by (-35568)/(-728) - (-1)/7?
47
Suppose 23*b + 3345 = 8014. Let v = b - 181. What is the remainder when v is divided by 20?
2
Let q(b) = -13*b + 198. Let j be (-7)/(-6)*(54/(-9) + 12). Calculate the remainder when q(j) is divided by 29.
20
Suppose 7161 = -33*l + 40754 + 76231. Calculate the remainder when l is divided by 303.
298
Suppose -31 = -7*q + 4. Suppose q*j - 536 = -166. Suppose 4*h - 3*i - 30 = 96, -2*h = 4*i - j. What is the remainder when h is divided by 12?
9
Suppose -25172 = 87*m - 118*m. What is the remainder when m is divided by 268?
8
Suppose 0 = -5*j + 552 + 488. Suppose -j = 2*y - 6*y. Suppose -s + 5*w = -9, 5*w = 4*s + 3*w - 54. What is the remainder when y is divided by s?
10
Let d = -173 + 180. What is the remainder when 399 is divided by d + -9 - -1*5 - -98?
96
Let c(k) = 28*k**2 - 33*k - 44. What is the remainder when 877 is divided by c(-3)?
263
Let z(w) = 11*w**2 - 5*w. Suppose 32*i + 3 = 29*i. What is the remainder when z(i) is divided by 5?
1
Suppose 0 = 4*z - 9*z - 5*d + 45, -5*z = -2*d - 73. Let g = -9 + z. What is the remainder when 105 - (-2)/((-1 - 1) + g) is divided by 12?
10
Let k be 9/(2 - -1) - 48/(-16). Let j(d) = -8*d**2 - 3 + 0*d**2 + 15*d + d**3 + 0*d**3. What is the remainder when 27 is divided by j(k)?
12
Let o be ((-24)/90)/(4/(-10))*39. Let q be ((-488)/6)/(o/(-117)). Suppose -j = 5*j - q. Calculate the remainder when j is divided by 21.
19
Calculate the remainder when 319 is divided by (-27)/3 + -17 + 9 + 57.
39
Let r(a) = 5*a**2 - a + 1. Let f be r(1). Let p = -23 - -47. Calculate the remainder when (f - (6 - 3)) + (-164)/(-1) is divided by p.
22
Let n(d) = -2*d**2 - 12*d + 36. What is the remainder when 284 is divided by n(-8)?
0
Let g = -4502 + 4537. Calculate the remainder when 2288 is divided by g.
13
Suppose -5*l - 20 = -0, -5*g - l + 2541 = 0. Calculate the remainder when g is divided by -4*((-305)/(-20) + 6)*-1.
84
Suppose -y - 59 + 135 = 3*n, 5*y - 2*n - 278 = 0. Calculate the remainder when y is divided by 6.
4
Let b(w) = 5*w**2 - 6*w - 24. Let i be b(7). Let j = 182 - i. Calculate the remainder when 58 is divided by j.
1
Let o = -16742 - -17319. What is the remainder when o is divided by 84?
73
Let n(a) = a**2 + 2*a - 1. Let c be -10*(-1 - 5)/(9 + -14). Calculate the remainder when (c/18)/(-1 + 59/60) is divided by n(-5).
12
Let z(n) = 2*n**2 - 17*n + 9. Let v be z(3). What is the remainder when (39933/(-68))/(0 - (-9)/v) is divided by 14?
12
Suppose 552 = 255*n - 153*n - 264. What is the remainder when 4107 is divided by n?
3
Let x be 18 + -25 + (0 - -2). What is the remainder when (-5 + 10)*(1194/30 - x) is divided by 9?
8
What is the remainder when 215 is divided by (-336)/(-30) - 20/100?
6
Suppose 0 = -5*t + 4*p + 649 - 168, p + 454 = 5*t. What is the remainder when 818 is divided by t?
17
Let l(n) = -n**3 - 45*n**2 - 85*n + 73. Calculate the remainder when 982 is divided by l(-43).
22
Suppose -16*d = -1480 - 504. Suppose 5*g - g = -q + d, 4*q = g - 31. What is the remainder when 53 is divided by g?
22
Suppose -94*g + 85756 + 31744 = 0. Calculate the remainder when g is divided by 18.
8
Calculate the remainder when -9 - (-13 + 2 + (-162)/(-27)) - -415 is divided by 38.
31
Let w = 1621 + -1124. Let r = w + -485. What is the remainder when 263 is divided by r?
11
Let n = 113 - 153. Let c = n + 57. Calculate the remainder when 100 is divided by c.
15
Suppose 165 = 7*a + 25. Suppose 0*i = i + 1, 9 = v + 3*i. Calculate the remainder when 137/2 - (-18)/v is divided by a.
10
Let l = 40 + -37. Suppose 78 = 3*p + l*p. Let r(i) = i**2 - 5*i + 1. Calculate the remainder when r(8) is divided by p.
12
Suppose 42*k = 11*k + 14074. Suppose -k*s + 175 = -449*s. Calculate the remainder when 69 is divided by s.
34
Let d = 3616 + -3548. Let x be 2*2*11/22. Suppose x*v = 7*v - 115. Calculate the remainder when d is divided by v.
22
What is the remainder when 3/12 - (-6 - 8230/40) is divided by 42?
2
Suppose j = o + 2, 2*j = -14*o + 13*o + 1. What is the remainder when o/5 + (12 - (-6)/5) is divided by 1?
0
Calculate the remainder when (10*3/12 - 2)*158 is divided by (3/((-30)/104))/(28/(-70)).
1
Let v(h) = 1874*h - 975. What is the remainder when v(1) is divided by 27?
8
Suppose -3*f - 37 = -d, -4 = -5*f - 14. Calculate the remainder when 67 is divided by d.
5
Suppose 66*s - 193 = 665. Calculate the remainder when 440 is divided by s.
11
Suppose 4*u = -5*j + 229, -3*j + j + 2 = 0. Suppose -2*z + 31 = -i, u = -2*i + z + z. Let p = 4 - i. What is the remainder when p is divided by 12?
5
Let q = 4302 + -2744. What is the remainder when q is divided by 15?
13
Let b = -7 - -25. Let w(x) = -x**2 + 20*x + 247. Calculate the remainder when w(23) is divided by b.
16
Suppose -37*t + 353 - 32 = -308. Let u = -2 + -2. Calculate the remainder when (-254)/(-8) - 1/u is divided by t.
15
Calculate the remainder when 123 is divided by (29 - -1) + 102/(-17).
3
Suppose -1172 = -5*z + 818. Calculate the remainder when z is divided by (1189/1189)/((6/63)/2).
20
Suppose -2255 - 275 = -5*w + 4*v, 4*w - 2055 = -3*v. Suppose 11*j - w = j. What is the remainder when 144 is divided by j?
42
Let r(x) = -97*x**3 + x + 1. Suppose -246*y + 253*y = 98. What is the remainder when r(-1) is divided by y?
13
Let b(p) = 12*p - 40. Let g = 3377 - 3240. Calculate the remainder when g is divided by b(5).
17
Let r = 19379 - 18300. What is the remainder when r is divided by 68?
59
Let j(m) = 7*m**2 + 156*m - 45. What is the remainder when 287 is divided by j(-23)?
7
Let g be (-7)/1*(23 + -2). Let s = g - -298. What is the remainder when s is divided by 14?
11
Let x(u) = -107*u - 1253. Calculate the remainder when x(-17) is divided by 204.
158
Let y(h) = 16*h + 564. Calculate the remainder when y(-26) is divided by 91.
57
Calculate the remainder when 411 is divided by 119 + 6/(-5 - -3)*24/(-18).
42
Suppose 799 = 29*c - 4595. Calculate the remainder when 412 is divided by c.
40
Let f(c) = c**2 + c + 16. Let z = -19 + 15. What is the remainder when f(z) is divided by 3?
1
Suppose -231*h + 124*h = -20223. What is the remainder when 745 is divided by h?
178
Let f(g) = 3*g**3 + 39*g**2 - 4*g - 3. Calculate the remainder when f(-10) is divided by 67.
66
Suppose 280 + 575 = 3*h + 99. Calculate the remainder when h is divided by 74.
30
Let v = -860 + 923. Calculate the remainder when 378 is divided by v.
0
Let l